 w(s). Let q be (117 - (-10 + 25))/(4/2). What is the greatest common factor of k and q?
17
Let z = -4223 + 8543. Suppose -12*d - 15*d = -z. Calculate the greatest common factor of 120 and d.
40
Suppose 458*o - 425*o = 567633. Calculate the highest common divisor of o and 103.
103
Let s = -288 + 291. Suppose 2*x - 5*u - 493 = 500, s*x = -u + 1447. Calculate the highest common divisor of 44 and x.
44
Let d(v) = v + 14 - v**2 + 7*v + 5. Let n = 392 + -386. Let c be d(n). Calculate the highest common divisor of c and 217.
31
Let m(q) = 3*q - 27. Let s be m(13). Let b be (-2)/(-19) + (-40725)/(-285) + 13. What is the greatest common divisor of b and s?
12
Let j be ((-1)/(-5) - 2483/65) + -4. Let p be ((-660)/(-9))/((-14)/j). What is the greatest common divisor of 22 and p?
22
Let q(g) = -38*g + 129. Let m be q(0). Calculate the highest common factor of 1462 and m.
43
Suppose -4*j = -14*c + 9*c - 65, 75 = 5*j - 5*c. Suppose x = -3*y + 37, 6*y + 116 = 4*x + j*y. Calculate the greatest common factor of x and 50.
25
Suppose 0 = 139*q + 12*q - 755. Suppose -5*k - 5 = 0, 414 = 4*w - 4*k - 90. Calculate the highest common factor of q and w.
5
Let w(q) = -q**2 - 38*q - 3. Let d be w(-7). Suppose d = 4*r - 2*o, 2*o - 98 = -2*r + 6*o. What is the highest common divisor of r and 33?
11
Let l be (-1643)/(-3) - (8 + 12/(36/(-25))). What is the greatest common factor of 4 and l?
4
Let m = 170 + -82. Suppose -90*s = -m*s - 58. What is the greatest common divisor of s and 58?
29
Let b be ((-6)/5)/(2/(-40)). Let t(g) be the third derivative of g**4/4 - 23*g**3/2 + 59*g**2. Let n be t(12). What is the greatest common factor of n and b?
3
Let c(g) = -2*g**2 - 16*g + 4. Let r be c(-8). Let d be 15/(-12) - 145/(-4). Suppose 5*s - d = 145. Calculate the highest common factor of r and s.
4
Let x = 6238 + -6218. Calculate the highest common divisor of x and 2000.
20
Let o = 509 - 670. Let c = 224 + o. What is the highest common divisor of c and 315?
63
Let y be (-5)/(-25)*-115 + 8491. Calculate the greatest common factor of y and 1460.
292
Let v be (-9)/15*(-4620)/63. Calculate the greatest common factor of v and 2816.
44
Suppose -14*z + 11*z - 326 = -5*n, -4*z + 146 = 2*n. Suppose 0 = -r + 5*r - a - n, -a + 41 = 2*r. What is the highest common factor of r and 522?
18
Let g(k) = -k**3 + 23*k**2 + 24*k + 72. Let d be g(23). What is the highest common factor of 304 and d?
16
Let w(k) = 165*k - 8989. Let m be w(63). Calculate the greatest common divisor of 361 and m.
19
Let j be (2 + -4)*(-3)/2. Suppose -j - 3 = -3*z. Suppose z*g - 34 = -g + 2*r, g = -5*r. What is the highest common factor of g and 20?
10
Suppose 0 = -6*f - 24498 + 177156. Calculate the greatest common factor of f and 99.
99
Let t = -16 + -15. Let n = 69 + t. Let i be 44*(n/4 - -1). What is the greatest common factor of i and 42?
42
Let r = 38 - 60. Let o(d) = -3*d + 50. Let z be o(r). Calculate the highest common factor of 29 and z.
29
Suppose 0 = -6*c - 16*c + 44. Suppose 3*r + 3*k + 8 = 260, -c*r - k = -171. What is the highest common factor of r and 116?
29
Suppose -5*a + a + 60 = 0. Let l(i) = -10*i**2 - 2 + 12*i**2 - 3*i + i - 13. Let s be l(6). Calculate the highest common divisor of s and a.
15
Let f(y) = 783*y**2 + 303*y + 18. Let c be f(-3). What is the greatest common divisor of c and 152?
76
Suppose 0 = -15*p - 37*p + 1040. Suppose 10*x + p*x - 660 = 0. What is the highest common factor of 2 and x?
2
Let g = 14 - 9. Let n(v) = v**2 - 2*v - 11. Let q be n(g). Suppose -2*j + 3*l = -37 + 5, 5*j + 5*l - 30 = 0. Calculate the highest common factor of j and q.
2
Let a(g) = 13*g + 83. Let l be a(-6). Suppose -n - 5*w + 3 + 9 = 0, l*w = -2*n + 34. Calculate the greatest common factor of n and 374.
22
Let c be 42 - 2*(-2)/2. Let v(o) = -98*o**3 + 6*o**2 + 8*o + 7. Let a be v(-2). Let r = 887 - a. Calculate the greatest common factor of c and r.
44
Let n be 899859/152 + (-7)/56. Calculate the greatest common factor of n and 32.
32
Let w(p) = 8*p**2 - 240*p + 363. Let m be w(71). What is the greatest common divisor of 67 and m?
67
Let z = 33107 + -24777. Calculate the greatest common factor of 70 and z.
70
Suppose 54689*v + 434 = 54696*v. What is the greatest common divisor of 2914 and v?
62
Suppose 4*v = 11 + 77. Suppose -b - 4*c = -922, 3*b + 19*c = 14*c + 2731. Calculate the greatest common factor of v and b.
22
Let a = -53 - 687. Let p = a - -763. What is the highest common factor of p and 161?
23
Suppose -25 = 4*w - 45. Let u = 52 - w. Let j = -13 + u. What is the highest common factor of j and 102?
34
Let v(p) be the first derivative of p**4/4 - 2*p**3 - 3*p**2 - 8*p + 1. Let l be v(8). Let h = -6121 + 6129. What is the greatest common factor of l and h?
8
Suppose -91*t + 95*t - 3434 = 3*v, -5*t - v + 4264 = 0. What is the highest common divisor of t and 3904?
122
Suppose 5*l - 835 - 311 = -r, 4*l = -2*r + 2274. Calculate the greatest common divisor of 39 and r.
39
Let d = -79 - -83. Suppose -2*a - 2 + 1 = r, d*a + 8 = 0. Suppose l - 2*l = 2, -r*u - l + 10 = 0. What is the greatest common factor of 10 and u?
2
Suppose -4*l + 0*l = 3*z - 836, 836 = 4*l - z. Let b = l - 208. What is the greatest common factor of b and 7?
1
Suppose -1737*a + 1744*a = 126. Let j(z) = -2*z**2 + 15*z + 5. Let o be j(12). Let l = o + 229. What is the greatest common factor of a and l?
18
Let j = 81 + -87. Let k be 4/j*(-18)/(-12). Let q be -1 - (k - 56)*1. Calculate the greatest common factor of q and 42.
14
Let r be 1 + 1 + 1 + 55. Let q = r + -31. Suppose 811*s = 807*s - 5*g + 251, 4*s - 188 = 4*g. Calculate the highest common factor of q and s.
27
Let a = -11382 + 12498. What is the highest common divisor of 6975 and a?
279
Let s(u) = -u - 3*u - 4 + u**2 + 775*u**3 - 861*u**3. Let p be s(-1). What is the greatest common divisor of 203 and p?
29
Let t = 378 - 372. Let b(f) = f**3 - 5*f**2 - 5*f + 38. Let p be b(t). What is the greatest common divisor of p and 77?
11
Let p be (-11)/(-132)*18*(452/3 + -4). What is the highest common factor of p and 792?
44
Let h be 1 - -9 - (4 - 2). Let r be (h + -2)/(2 + (-159)/84). Calculate the highest common divisor of r and 14.
14
Let q = -349 - -433. Calculate the greatest common divisor of 3444 and q.
84
Let h be -5 - (1 + -55 + -3). Let u = -287 - -430. Calculate the greatest common divisor of u and h.
13
Let w be (1768/156)/(((-12)/495)/((-16)/40)). Let c be 3/(2 - (-50)/(-28)). Let x = c + 3. What is the highest common divisor of w and x?
17
Suppose 2*a = -2*s + 28714, 29 = -5*a + 14. Calculate the highest common divisor of 80 and s.
40
Suppose 0 = -5*d - y + 35085, -5*y + 3 = -22. What is the greatest common factor of 8 and d?
8
Let h be 210/1680 + 895/8. What is the highest common divisor of 1204 and h?
28
Suppose 0 = -3*b - 3, -99*b = -2*p - 95*b + 8300. Calculate the greatest common divisor of 1220 and p.
244
Suppose 5*m - q = 85, 0*q = -m - 4*q - 4. Suppose o = m + 40. Suppose -2*n + 60 = 4*h, -7*n + 9*n = -3*h + 44. What is the highest common factor of o and h?
8
Suppose 2*u - 1 - 3 = h, -3*u - 2*h = -13. Let p(b) = -29392*b + 117709. Let d be p(4). Calculate the greatest common divisor of u and d.
3
Let i(f) = -14*f + 395. Let r be i(26). What is the highest common divisor of 4433 and r?
31
Let v(i) = 37 + 11*i - 32*i + 3*i - 159. Let x be v(-7). Suppose 5*s = -h + 18, -3*h + 0*h = -s + 10. What is the highest common factor of s and x?
4
Suppose -220*j - 1820 = -248*j. Calculate the highest common divisor of j and 1855.
5
Let r(w) be the third derivative of w**5/30 + 17*w**4/24 - 5*w**3 - 2*w**2 + 33. Let m be r(2). What is the highest common divisor of m and 240?
12
Let c be (-5)/((-105)/(-4821)) - (-12)/21. Let z = c - -391. Let h = 93 - 39. Calculate the highest common factor of h and z.
54
Suppose -4*t = 3*d - 52, 0 = -5*t - 3*d + 4*d + 46. Let j be t/9 - (-20)/(-180). Let a = -19 - -28. Calculate the highest common divisor of a and j.
1
Let b = -193 - -94. Let h = 107 + b. Suppose -h*n = -16*n + 224. What is the highest common factor of 84 and n?
28
Suppose -3*a - 71 = -4*g, 6*g - 10*g + 95 = 5*a. Suppose -3*m + 177 = d - 4*m, 3*d = -3*m + 549. Calculate the highest common divisor of g and d.
20
Let x(y) = -y**2 - 18*y + 183. Let h be x(-22). Calculate the greates